 3*q + 25 = 0. Determine v(y).
4
Let c(i) be the third derivative of -7*i**6/60 - i**5/30 + i**4/24 + 18*i**2. What is c(1)?
-15
Let m(s) = s**2 + s - 1. Let l(j) = -2*j**2 - 4*j + 4. Let a(k) = -l(k) - 3*m(k). Calculate a(2).
-3
Suppose 4*c - 15 = -3*z + 30, 0 = 4*c + 2*z - 46. Suppose -q + c = -5*y, 4*q + y = 6 - 0. Let l(g) = 3 - 7 + 2 - 2*g**2. Give l(q).
-10
Let t(z) = 1 - 8*z + 3*z**2 + 8*z. Suppose 5 = 2*s - v - 4, -5*v - 21 = -2*s. Suppose m = -2*k - 11, -4*m - 4*k = -s*k + 9. Give t(m).
4
Let w = -9 - -4. Let i(b) = -b**2 - 7*b. Calculate i(w).
10
Let u(n) = -n**3 + 5*n**2 - 5*n - 1. Let m(c) = -c**3 + 10*c**2 - c + 14. Let g be m(10). Calculate u(g).
-5
Let v(y) = -9*y + 6. Let n(j) = -8*j + 5. Let f(c) = -6*n(c) + 5*v(c). Determine f(2).
6
Let u = -1 - 3. Let l(i) = i**2 + 6*i + 2. Let x be l(u). Let v = 7 + x. Let a(b) = b**2 - 2*b. What is a(v)?
-1
Let s(p) = p + 4. Let h be s(-3). Let m(b) be the second derivative of b**4/2 - b**3/6 + 8*b. Give m(h).
5
Suppose -3*p = -t - 20, 2*p + 2 = 3*p - 5*t. Let g(f) = f**3 + 7 - 6*f + 5*f + p*f**2 + 6*f + 4*f. What is g(-6)?
-11
Let d(o) be the second derivative of -3*o**5/5 + o**4/6 - o**2/2 - o. Suppose -5*q - 5*q + 10 = 0. Give d(q).
-11
Let c(l) = l**3 - 5*l**2 - 2*l + 7. Let k = -24 + 0. Let y = k - -7. Let w = -12 - y. What is c(w)?
-3
Suppose -5*f + 1 = 11. Let k(a) = -a. Let b(j) = -1. Let t(n) = 2*b(n) - 4*k(n). Determine t(f).
-10
Let u be (-13)/(-3) + (-12)/(-18). Let s(a) = 1. Let g(t) = -t - 3. Let i(z) = 2*g(z) + 7*s(z). Give i(u).
-9
Let j(t) be the second derivative of -t**5/20 + t**4/3 - 3*t**2/2 + 12*t. Determine j(4).
-3
Let u(y) = 3*y**3 + 2*y - 1. Let g = 15 + -14. Determine u(g).
4
Let i(o) be the second derivative of -o**4/12 + 5*o**3/6 - o**2/2 + 10*o. Give i(2).
5
Let c(t) = t**2 + 2*t - 4. Let n = -29 - -24. Determine c(n).
11
Let d(h) = h**3 - h + 9. Suppose 0 = -4*i + 2*i + 4. Suppose 0 = -i*s + 3*s. Determine d(s).
9
Let q(o) = 48*o - 1 - 47*o - 1. Give q(-4).
-6
Suppose 2*v + v - 15 = 0. Let i(c) = -4*c + 2 + 2*c + c. Determine i(v).
-3
Let d(q) = -2*q - 3. Let o(w) = -2*w**3 + 15*w**2 - 8*w + 5. Let h be o(7). Determine d(h).
1
Let r(d) = 8*d. Let w = 0 + 3. Suppose 1 - 7 = -w*y. Suppose -y*x = -6*x + 4. Give r(x).
8
Suppose 4*b + 4*f - 6 = 6, -5*f + 6 = -4*b. Suppose 5*u - 13 - 2 = 0. Let r(s) = -b - 2*s**2 + 2*s + 5 - u. Give r(-1).
-3
Let v(j) = j**3 - 4*j**2 + 3*j - 1. Let i be (2 + -1)/((-1)/(-3)). Suppose 0*b + 5*p = 4*b - 39, -i*b + p + 21 = 0. Suppose r + 15 = b*r. Give v(r).
-1
Let z be 64/(-144) - (-41)/(-9). Let b(t) be the second derivative of -t**3/6 - 2*t**2 + t. What is b(z)?
1
Let p(l) = l + 2. Let f be p(2). Let z(n) = n. Give z(f).
4
Let x(n) = -n**2 + 3*n - 1. Let c(k) = 3*k**2 - 6*k**2 - k + 2*k**2 + 0*k**2. Let j(i) = 2*c(i) + 2*x(i). Determine j(2).
-10
Let j(u) = -u**3 + 12*u**2 + 12*u + 16. Let h be j(13). Let z(y) = -y - 3. What is z(h)?
-6
Let b(i) = -i**3 + 4*i**2 + 2*i - 1. Let v(g) = -g - 2. Let d be v(-5). Give b(d).
14
Let v(o) = 26*o**3 - 2*o**2 - o + 3. Let n(t) = -13*t**3 + t**2 + t - 2. Let k(l) = -5*n(l) - 3*v(l). Let p(u) = 2*u**2 - 2*u + 1. Let f be p(1). Give k(f).
-13
Let k(b) be the first derivative of -b**4/4 + b - 1. Suppose 0 = 3*y - 3*g - 3, g = -3*y - 9 - 0. Let v be 3/(-12) - y/8. Determine k(v).
1
Let f(h) = -h + 4. Let i be f(0). Suppose o + 2*n + 4 = i*n, n = 4. Let x(c) = -c**3 + 4*c**2 + 2*c - 5. Calculate x(o).
3
Suppose -4*k + 17 = l, k - 5 = -0*k - l. Let i = k + -5. Let x(c) = 2*c + 3. Let q(h) = 1. Let u(b) = i*x(b) - q(b). Determine u(-4).
4
Let f(l) = -2*l - 5. Let c(u) = -2*u - 3*u + u + 3*u. Let r(z) = -3*c(z) + f(z). Determine r(-5).
-10
Let b(m) be the third derivative of -m**5/15 - m**4/12 + m**3/6 - 5*m**2. Determine b(1).
-5
Let t(v) = 7*v. Let k(r) = 3*r. Let l(s) = 9*k(s) - 4*t(s). Let j(q) = 2*q**3 - 3*q**2 - 5*q. Let w(x) = j(x) - 5*l(x). Give w(2).
4
Let c = 133 - 133. Let a(q) = -q**2 - q - 5. Calculate a(c).
-5
Let f(j) be the second derivative of -j**5/20 + 5*j**4/12 + 7*j**3/6 - 4*j**2 - 7*j - 1. Calculate f(6).
-2
Let r(m) = 9*m**2 + 4*m + 4. Let k be -5 + 0 + 2/2. Let h(c) = 8*c**2 + 3*c + 3. Let f(x) = k*r(x) + 5*h(x). Calculate f(-1).
4
Let m(v) = -1 + v**2 - 5 + v + 3 + 0. Calculate m(3).
9
Let z(r) = r**2 - 4*r - 4. Let b be (-56)/9 + 2/9. Let q be b/(-15) - 27/5. Let t = q + 8. What is z(t)?
-7
Let h be 2/8 - (-5)/(-20). Let j(w) = -w**2 - 5*w - 4. Suppose 22 = 3*p - 4*d, 3*d - 22 = -4*p + d. Let z(i) = -i. Let k(q) = p*z(q) - j(q). Calculate k(h).
4
Let h = 8 - 12. Let c(n) = -n. Determine c(h).
4
Let m be (-6)/9 + 12/(-9). Let z be 2 - (m - (2 + -2)). Let d(i) = i**3 - 5*i**2 + 5*i - 2. Calculate d(z).
2
Let j = -19 - -33. Let r = 13 - j. Let d(i) = -7*i + i - 3*i. Determine d(r).
9
Let q be 2 - (2 + -1 - 10). Let h(p) be the second derivative of -5*p**3/6 - 4*p**2 + 16*p. Let f(t) = 2*t + 3. Let i(z) = q*f(z) + 4*h(z). Determine i(-3).
-5
Let j(i) = -2*i + 5. Suppose -25 = -8*f + 3*f. Let b be j(f). Let d(m) be the first derivative of -m**4/4 - 4*m**3/3 + 5*m**2/2 - 7*m + 3. What is d(b)?
-7
Let x = 5 - 4. Let g = x + -1. Let w(y) = -y + 2. Give w(g).
2
Suppose 5*o - 1 - 9 = 0. Let a(f) = -7*f - 4 + 4*f - o + 2*f. Determine a(-5).
-1
Let x(n) = n - 3. Let i(a) = -a + 3. Let s(l) = 2*i(l) + 3*x(l). Calculate s(6).
3
Let l = 59 - 56. Let o(c) be the third derivative of 1/2*c**3 - 1/120*c**6 + 1/24*c**4 - c**2 + 0 + 1/30*c**5 + 0*c. Calculate o(l).
-3
Let t(l) = -4 + l**3 - 2 + 6*l**2 + 2*l + 4. Let r be 24/(-60) + (-56)/10. Determine t(r).
-14
Let x(m) = -1 - 3*m**2 - 19*m**3 - 1 + 4*m - 19*m**3 + 37*m**3. Let p(d) = d**3 + 4*d**2 - 4. Let j be p(-4). What is x(j)?
-2
Let o(n) = -n**3 + 3*n**2 - 2*n + 1. Suppose -2*y + 2*m + 34 = y, 0 = -y - 2*m + 6. Let w = 13 - y. Calculate o(w).
-5
Let t(k) = -k**3 - 2*k**2 - k - 4. Suppose -15 = 5*m + 2*z, m + z + 3 = 2*z. What is t(m)?
8
Let h(p) = 24*p + 5. Let a(s) = -8*s - 2. Suppose -3*d + 3 = 12. Let u(n) = d*h(n) - 8*a(n). Let q(b) = b - 1. Let z(o) = -4*q(o) - u(o). What is z(-2)?
-5
Let i(b) = b**3 - 5*b**2 + 4*b - 1. Let c be (-30)/(-9) - (-2)/3. Determine i(c).
-1
Suppose 2*q = -0*r + 2*r - 20, -r = -2*q - 17. Let b(c) = -c**2 - 9*c - 9. What is b(q)?
5
Let a(u) = -u**2 - u - 4. Let q = 14 - 14. What is a(q)?
-4
Let g = -5 - -5. Let z(y) = -5*y**3 - y**3 + g*y**3 + y + y**3. Suppose -t - 1 = -2*t. Determine z(t).
-4
Suppose -3*p - 28 = p. Let j(w) = -w**3 - 6*w**2 + 6*w - 4. Let o be j(p). Let h(u) = -u**2 + 7*u - 3 - 2 + 2. Determine h(o).
9
Let i be 1 + (2/(-8) - (-1)/4). Let v(l) = -11*l. What is v(i)?
-11
Let p be ((-12)/7)/(2/(-7)). Let t(q) = -q + 11. Let a be t(p). Let n(r) = r**2 - 3*r - 7. Determine n(a).
3
Let v(d) = -d. Let n(o) be the second derivative of -o**2 + 6*o. Let t(u) = -n(u) + 4*v(u). Calculate t(-4).
18
Let p be ((-12)/(-10))/(15/(-50)). Let l(a) = a**2 + 5*a - 2. What is l(p)?
-6
Let z(w) = w + 10. Let s be z(-7). Let a(t) = 2*t + 3 - t**2 - t - t**s + 2*t**2. What is a(0)?
3
Let g(h) = 5*h**3 - 8*h**2 - 5*h + 8. Let q(w) = 4*w**3 - 7*w**2 - 5*w + 7. Let y(a) = -3*g(a) + 4*q(a). Suppose 6*z - 9*z = -15. Determine y(z).
4
Let y be (-1 - -2)*(-7)/(42/12). Let d(u) be the second derivative of -u**3 + u**2 + u. Calculate d(y).
14
Suppose 5*d - 25 = 8*p - 4*p, 4*p - 2*d = -10. Let f be ((-12)/(-10))/((-6)/(-40)). Let l(a) = 0*a + f + a - 3. Calculate l(p).
5
Let x be ((-4)/6)/((-2)/18). Let a(w) = 3*w + 0*w + 2 - x*w. Let u = 12 - 9. Calculate a(u).
-7
Let n(a) = a**3 + 9*a**2 - 4. Let i = -31 + 22. What is n(i)?
-4
Let u(h) be the first derivative of 3 + h**2 + 9*h**2 + 2*h - 11*h**2. What is u(2)?
-2
Let d(y) = y**3 - 5*y**2 - 2. Let x(k) = -k + 11. Let f be x(6). Give d(f).
-2
Let u be -11 + (2 - (4 + 0)). Let b = -9 - u. Let v(g) be the second derivative of -g**4/12 + g**3/2 - 3*g**2 + 3*g. Give v(b).
-10
Let c(p) be the third derivative of 2*p**2 - 1/24*p**4 + 0 + 1/720*p**6 + 0*p + 0*p**3 + 1/24*p**5. Let z(y) be the second derivative of c(y). Calculate z(4).
9
Let w(f) = 2*f**2 - 16*f + 12. Let o be w(7). Let j(x) = -3*x - 2. Calculate j(o).
4
Let t be ((-8)/(-6))/((-8)/(-12)). Let f be 2/1*t/(-4). Let r(c) = 4*c**2 - c + 2*c**2 - c**2. Calculate r(f).
6
Let t(c) = -2*c**3 + c**2 - 2*c + 1. Let l be 